{"id":95,"date":"2013-04-07T10:16:33","date_gmt":"2013-04-07T09:16:33","guid":{"rendered":"http:\/\/www.peternowfel.com\/?page_id=95"},"modified":"2018-03-24T15:43:11","modified_gmt":"2018-03-24T14:43:11","slug":"concerts","status":"publish","type":"page","link":"https:\/\/www.peternowfel.com\/?page_id=95","title":{"rendered":"Concerts"},"content":{"rendered":"<p>[:fr]<\/p>\n<table width=\"609\">\n<tbody>\n<tr>\n<td width=\"136\">Date<\/td>\n<td width=\"121\">Heure<\/td>\n<td width=\"139\">Ensemble<\/td>\n<td width=\"213\">Lieu<\/td>\n<\/tr>\n<tr>\n<td width=\"136\"><strong>Lu.15.1.18<\/strong><\/td>\n<td width=\"121\">18h00<\/td>\n<td width=\"139\">Harmonie<\/td>\n<td width=\"213\">Espace Mitterrand<\/td>\n<\/tr>\n<tr>\n<td width=\"136\"><strong>Di.28.1.18<\/strong><\/td>\n<td width=\"121\">15h00<\/td>\n<td width=\"139\">Harmonie<\/td>\n<td width=\"213\">Planioles<\/td>\n<\/tr>\n<tr>\n<td width=\"136\"><strong>Sa.24.3.18<\/strong><\/td>\n<td width=\"121\">20h30<\/td>\n<td width=\"139\">Harmonie<\/td>\n<td width=\"213\">Espace Mitterrand<\/td>\n<\/tr>\n<tr>\n<td width=\"136\"><strong>Sa.14.4.18<\/strong><\/td>\n<td width=\"121\">19h15<\/td>\n<td width=\"139\">FigeacVoix Cam\u00e9rata<\/td>\n<td width=\"213\">Auditorium Figeac<\/td>\n<\/tr>\n<tr>\n<td width=\"136\"><strong>Di.15.4.18<\/strong><\/td>\n<td width=\"121\">15h00<\/td>\n<td width=\"139\">Harmonie<\/td>\n<td width=\"213\">Astrolabe<\/td>\n<\/tr>\n<tr>\n<td width=\"136\"><strong>Di.22.4.18 <\/strong><\/td>\n<td width=\"121\">15h00<\/td>\n<td width=\"139\">Ch\u0153ur Cam\u00e9rata<\/td>\n<td width=\"213\">Faycelles<\/td>\n<\/tr>\n<tr>\n<td width=\"136\"><strong>Di.27.5.18<\/strong><\/td>\n<td width=\"121\">16h00<\/td>\n<td width=\"139\">Ch\u0153ur Cam\u00e9rata<\/td>\n<td width=\"213\">Eglise du Puy<\/td>\n<\/tr>\n<tr>\n<td width=\"136\"><strong>Sa.2.6.18<\/strong><\/td>\n<td width=\"121\">20h30<\/td>\n<td width=\"139\">Harmonie<\/td>\n<td width=\"213\">Fons<\/td>\n<\/tr>\n<tr>\n<td width=\"136\"><strong>Di.10.6.18\u00a0\u00a0 <\/strong><\/td>\n<td width=\"121\">15h00<\/td>\n<td width=\"139\">Ch\u0153ur\u00a0 Cam\u00e9rata<\/td>\n<td width=\"213\">Espace Mitterrand<\/td>\n<\/tr>\n<tr>\n<td width=\"136\"><strong>Sa.16.6.18\u00a0\u00a0 <\/strong><\/td>\n<td width=\"121\">20h30<\/td>\n<td width=\"139\">Ch\u0153ur\u00a0 Cam\u00e9rata<\/td>\n<td width=\"213\">Bournazel<\/td>\n<\/tr>\n<tr>\n<td width=\"136\"><strong>Di.16.9.18<\/strong><\/td>\n<td width=\"121\">11h00<\/td>\n<td width=\"139\">Ch\u0153ur Cam\u00e9rata<\/td>\n<td width=\"213\">Ch\u00e2teau Larroque<\/td>\n<\/tr>\n<tr>\n<td width=\"136\"><strong>Sa.22.9.18<\/strong><\/td>\n<td width=\"121\">20h30<\/td>\n<td width=\"139\">Harmonie<\/td>\n<td width=\"213\">Saint Julien<\/td>\n<\/tr>\n<tr>\n<td width=\"136\"><strong>Di.3.1.19<\/strong><\/td>\n<td width=\"121\">15h00<\/td>\n<td width=\"139\">Ch\u0153ur\u00a0 Cam\u00e9rata<\/td>\n<td width=\"213\">Salle Bal\u00e8ne<\/td>\n<\/tr>\n<tr>\n<td width=\"136\"><strong>Sa.13.4.19<\/strong><\/td>\n<td width=\"121\">20h30<\/td>\n<td width=\"139\">Ch\u0153ur\u00a0 Cam\u00e9rata<\/td>\n<td width=\"213\">Salle Bal\u00e8ne<\/td>\n<\/tr>\n<\/tbody>\n<\/table>\n<p>[:en]undefined<\/p>\n<table border=\"1\" width=\"800\" cellspacing=\"1\" cellpadding=\"1\" align=\"left\">\n<tbody>\n<tr>\n<td style=\"text-align: left; vertical-align: top; width: 320px;\"><a href=\"https:\/\/i0.wp.com\/www.peternowfel.com\/wp-content\/uploads\/2014\/05\/Concert-Flute-17mai.png?ssl=1\"><img data-recalc-dims=\"1\" loading=\"lazy\" decoding=\"async\" class=\"alignnone size-medium wp-image-303\" src=\"https:\/\/i0.wp.com\/www.peternowfel.com\/wp-content\/uploads\/2014\/05\/Concert-Flute-17mai.png?resize=213%2C300&#038;ssl=1\" alt=\"Concert Flute 17mai\" width=\"213\" height=\"300\" srcset=\"https:\/\/i0.wp.com\/www.peternowfel.com\/wp-content\/uploads\/2014\/05\/Concert-Flute-17mai.png?resize=213%2C300&amp;ssl=1 213w, https:\/\/i0.wp.com\/www.peternowfel.com\/wp-content\/uploads\/2014\/05\/Concert-Flute-17mai.png?w=358&amp;ssl=1 358w\" sizes=\"auto, (max-width: 213px) 100vw, 213px\" \/><\/a><\/td>\n<td style=\"text-align: left; vertical-align: top;\">17 mai 2014\u00a0-La Chapelle &#8211; Figeac<\/p>\n<p><span style=\"line-height: 1.6em;\">20h30<\/span><\/p>\n<p><span style=\"font-size: 13px; line-height: 1.6em;\">Peter NOWFEL-\u00a0Fl\u00fbte<\/span><\/p>\n<p><span style=\"font-size: 13px; line-height: 1.6em;\">Mireille BOUGON &#8211; Piano<\/span><\/td>\n<\/tr>\n<\/tbody>\n<\/table>\n<p>[:]<\/p>\n","protected":false},"excerpt":{"rendered":"<p>[:fr] Date Heure Ensemble Lieu Lu.15.1.18 18h00 Harmonie Espace Mitterrand Di.28.1.18 15h00 Harmonie Planioles Sa.24.3.18 20h30 Harmonie Espace Mitterrand Sa.14.4.18 19h15 FigeacVoix Cam\u00e9rata Auditorium Figeac Di.15.4.18 15h00 Harmonie Astrolabe Di.22.4.18 15h00 Ch\u0153ur Cam\u00e9rata Faycelles Di.27.5.18 16h00 Ch\u0153ur Cam\u00e9rata Eglise du Puy Sa.2.6.18 20h30 Harmonie Fons Di.10.6.18\u00a0\u00a0 15h00 Ch\u0153ur\u00a0 Cam\u00e9rata Espace Mitterrand Sa.16.6.18\u00a0\u00a0 20h30 Ch\u0153ur\u00a0 Cam\u00e9rata [&hellip;]<\/p>\n","protected":false},"author":1,"featured_media":0,"parent":0,"menu_order":0,"comment_status":"closed","ping_status":"closed","template":"","meta":{"jetpack_post_was_ever_published":false,"footnotes":""},"class_list":["post-95","page","type-page","status-publish","hentry"],"jetpack_sharing_enabled":true,"jetpack_shortlink":"https:\/\/wp.me\/P4UgWB-1x","_links":{"self":[{"href":"https:\/\/www.peternowfel.com\/index.php?rest_route=\/wp\/v2\/pages\/95","targetHints":{"allow":["GET"]}}],"collection":[{"href":"https:\/\/www.peternowfel.com\/index.php?rest_route=\/wp\/v2\/pages"}],"about":[{"href":"https:\/\/www.peternowfel.com\/index.php?rest_route=\/wp\/v2\/types\/page"}],"author":[{"embeddable":true,"href":"https:\/\/www.peternowfel.com\/index.php?rest_route=\/wp\/v2\/users\/1"}],"replies":[{"embeddable":true,"href":"https:\/\/www.peternowfel.com\/index.php?rest_route=%2Fwp%2Fv2%2Fcomments&post=95"}],"version-history":[{"count":54,"href":"https:\/\/www.peternowfel.com\/index.php?rest_route=\/wp\/v2\/pages\/95\/revisions"}],"predecessor-version":[{"id":487,"href":"https:\/\/www.peternowfel.com\/index.php?rest_route=\/wp\/v2\/pages\/95\/revisions\/487"}],"wp:attachment":[{"href":"https:\/\/www.peternowfel.com\/index.php?rest_route=%2Fwp%2Fv2%2Fmedia&parent=95"}],"curies":[{"name":"wp","href":"https:\/\/api.w.org\/{rel}","templated":true}]}}